be i(1). Let z = f - 19. Let c(u) = 1 + 3*u - 4*u + 2*u. What is c(z)?
-5
Let o(h) = -h**3 - 7*h**2 - 5*h + 3. Let b = 19 + -40. Let y be 140/b - (-4)/6. What is o(y)?
-3
Suppose 5*x - 30 = -4*b, -b = -2*b + 4*x - 3. Let m(p) = -p**2 + 5*p + 8. Let j be m(6). Let a(r) = r - 6*r**3 + 3*r + r**j + b*r**3. Calculate a(3).
-6
Let z(g) = -9*g**2 - 10*g + g**3 + 1 - 2*g**3 - 13. Let i be z(-8). Let v(x) be the second derivative of x**5/20 - x**4/4 - x**3/2 - 5*x**2/2 + 4*x. Give v(i).
-1
Let v be (-10)/25 - 34/(-10). Let g(k) = 2*k**2 - 1. Let y be g(1). Let p(o) = y + 1 - v + 4*o. What is p(2)?
7
Let d be (-5)/(((-3)/3)/1). Let v = 1 + d. Let t(f) be the third derivative of f**5/60 - f**4/4 + 5*f**3/6 + 2*f**2. Determine t(v).
5
Suppose 3*s = -0*s + 15. Suppose 5*n + i - 5 = -4*i, 22 = -s*n + 4*i. Let x(k) = k**3 + 2*k**2 + k + 2. Calculate x(n).
0
Let n(k) = -2*k + 9. Let i(z) = -z + 4. Let p(v) = -11*i(v) + 6*n(v). Determine p(7).
3
Let b be (133/(-21) - -7)*3/2. Let f(y) = -13*y. What is f(b)?
-13
Let l be 1/(2*(-1)/(-4)). Let b(z) = 6*z - 6. Let x(d) = -17*d + 17. Let f(i) = 8*b(i) + 3*x(i). Give f(l).
-3
Suppose 2*y + 0 - 3 = -w, 0 = 4*y - w - 3. Let s(k) be the second derivative of k**5/2 + k**4/12 + k**3/6 - k**2/2 + 7*k. Calculate s(y).
11
Let l(j) = -j**2 + 1. Let w be l(0). Suppose 5*c = 3*k - 2, 2*c - k - w + 2 = 0. Let y(q) = -q + 1. Determine y(c).
2
Let v(q) = -q**3 + 3*q**2 - q. Let l = -27 + -1. Let p be (-21)/l - (-37)/4. Let k = 12 - p. What is v(k)?
2
Let m(r) be the second derivative of -7/12*r**4 - 4*r - 1/2*r**2 + 1/3*r**3 + 0. Determine m(1).
-6
Suppose -5*z + 0*z - 10 = 0. Let v be (2/(-5))/(z/10). Let x(j) = 0*j - 19*j**2 + 1 + j**3 - 2*j + 17*j**2. Determine x(v).
-3
Let i(p) = -p**3 + 6*p**2 + p - 4. Let n be i(6). Let u(a) = -3*a**n + 0*a + a**3 - 3 + 7 - 5*a. Let j be 2/(-7) - (-30)/7. Determine u(j).
0
Let x(p) = 2*p + 2. Suppose -13*n - 12 = 14. What is x(n)?
-2
Let l(p) = -2*p - 6. Suppose -4*z + 12 = -7*z. Determine l(z).
2
Let l(n) = -n**3 - 3*n**2 + n. Let j(i) = 6*i**2 - 9 + i**3 - 13*i**2 + 7*i + i**3 - i**3. Let k be j(6). What is l(k)?
-3
Let z(i) be the second derivative of -i**6/120 - i**5/15 - 5*i**4/24 - i**3/3 - 3*i**2/2 - 3*i. Let c(s) be the first derivative of z(s). Give c(-3).
4
Let p(d) = -5*d - 2*d**2 - 2*d**3 + d**3 + 6 - 2*d**2 + 10*d**2. Let t = 5 + -3. Suppose 0*b - 10 = -t*b. Give p(b).
6
Let u(p) be the first derivative of p**4/4 + 7*p**3/3 + 10*p + 18. Calculate u(-7).
10
Suppose -z = -f - 10, 0 = 4*z + 3*f + 2*f - 4. Let k(n) = -n + 7. Give k(z).
1
Let j(t) = t**2 - 4*t - 2*t**2 - 3*t. Let y = -169 - -164. Determine j(y).
10
Let g(k) = -k**2 - k + 3. Let q = 6 + -3. Calculate g(q).
-9
Let x(v) = -v**2 - 7*v - 7. Let q be (-57)/21 - (-4)/(-14). Let s be (-486)/90 + q/5. Give x(s).
-1
Let v(d) be the second derivative of d**5/20 + 5*d**4/12 - 2*d**3/3 + 4*d**2 - 7*d. What is v(-6)?
-4
Let l(b) = -b**2 + 11*b - 1. Let f be 7/(105/80)*6/4. Determine l(f).
23
Let p(l) be the second derivative of l**3/6 + 5*l**2/2 - l. Let w(g) = g**3 - 4*g**2 + 2*g + 3. Let o be w(3). Give p(o).
5
Let i be (1 - 2)/(2/(-36)). Suppose -3*r = -i + 3. Let b(v) = -2*v + 3. Give b(r).
-7
Let b(p) = p**3 + 4*p**2 - p - 5. Suppose u - 27 = 1. Suppose u = -5*k + 8. Determine b(k).
-1
Suppose -l - 4*g = 10, -2*g - 15 + 1 = -4*l. Suppose -l*p + 7 = p + k, -4 = 2*k. Let a(m) = -m**3 + 5*m**2 - 4*m + 3. Calculate a(p).
9
Let l(n) = -n**3 + 4*n**2 + 3*n + 7. Let z(m) = m**3 - 14*m**2 - 16*m + 20. Suppose -4*b - 5*k + 40 = 0, -2*b - k + 12 = -14. Let q be z(b). Determine l(q).
-3
Let i(p) = -p**2. Let c be i(-1). Let g = -3 - -5. Let b(v) = 5*v**g - 2*v + 2*v + 1 - v - 2. What is b(c)?
5
Let z(v) = -4*v - 5. Let o = -8 - -4. What is z(o)?
11
Let p(g) = -g**2 + 6*g - 5. Let w(h) = h**2 + 12*h - 9. Let l be w(-13). Calculate p(l).
3
Let l(j) = j**2 + 4*j - 4. Let w be ((-12)/14)/((-2)/(-14)). Determine l(w).
8
Let x(s) = s + 7. Suppose -2*c = c + 18. Calculate x(c).
1
Let j(d) be the second derivative of -5*d**3/6 - d**2 + 3*d. Let i(p) = -3*p - 1. Let t(c) = 7*i(c) - 3*j(c). What is t(1)?
-7
Let w = -48 - -43. Let n(x) = x**3 + 4*x**2 - 2*x + 4. Calculate n(w).
-11
Let u = -2 - -3. Suppose -45 = 2*f - 5*f. Suppose 4*p = -4*l + u + 11, -2*p = -5*l + f. Let m(v) = 2*v**2 - 4*v - 1. Give m(l).
5
Let w(n) be the second derivative of -n**4/12 + n**3/3 - n**2 - 8*n. Give w(3).
-5
Let q(d) = d + 1. Suppose 5 = -3*w - 2*w. Let h(g) = -9*g**3 + g**2 + 3*g + 2. Let t(j) = w*h(j) + 3*q(j). Determine t(-1).
-9
Let z(v) = -v**3 - 5*v**2 - 2*v + 2. Suppose 2*l - 5 - 5 = 0. Suppose l*n - 3*n + 4 = 0. Calculate z(n).
-6
Let m = -2 - -3. Suppose -2*o + m = d - 1, 5*o + 3*d - 3 = 0. Let c(n) be the first derivative of n**2/2 - n + 1. What is c(o)?
2
Let o = 7 - 5. Suppose 18 = -2*i + o*t, -2*i = 3*i - 3*t + 39. Let d(w) = w**2 + 7*w + 1. Give d(i).
-5
Let o(l) be the third derivative of -l**4/24 + 8*l**2. Let s(f) = -f**2 + 8*f + 3. Let b(k) = -6*o(k) - s(k). What is b(3)?
0
Let h(p) = -p**3 + 6*p**2 + 7*p - 9. Let z(m) = m**3 - 6*m**2 - 6*m + 8. Let l(y) = -2*h(y) - 3*z(y). Give l(6).
18
Let i(q) be the third derivative of -q**4/6 + q**3/6 - 5*q**2. Suppose -3*z = 0, -6*z = -k - 2*z + 1. What is i(k)?
-3
Let l(j) = j**2 + 3*j + 4. Suppose 0*d = d + 3. Determine l(d).
4
Let m(o) = o**3 - 6*o**2 - o + 8. Suppose i + 0 = -b + 6, 5*i = 0. What is m(b)?
2
Suppose -4*a = -4*i, -5*i - 1 = 3*a - 33. Let v(z) = z**3 - 7*z**2 + 2*z - 8. Let u(w) = w**3 - 8*w**2 + 3*w - 9. Let s(y) = 4*u(y) - 5*v(y). Calculate s(a).
-4
Let z be 2*-2*(-1)/(-4). Let t(q) be the third derivative of 0*q - 1/24*q**4 + 0 - 2*q**2 + 0*q**3 - 1/60*q**5 - 7/120*q**6. What is t(z)?
7
Suppose 2*r + 24 = 6*r. Let n(c) = -c - 2. Calculate n(r).
-8
Suppose -10 + 2 = -4*u. Let c(z) = -7*z - 4. Let q(a) = -1. Let t(w) = c(w) - 5*q(w). What is t(u)?
-13
Let x(t) = t**3 + 4*t**2 - 5*t + 1. Let b(c) = c**2 - 2. Let j be b(2). Suppose -5*w - j*i - 13 = 18, 0 = -2*w + 2*i - 4. Give x(w).
1
Let i(c) be the third derivative of -c**4/12 - c**3/6 + 2*c**2. Let a be 2*-1*3/6. Give i(a).
1
Suppose 5*d - 2 = 8. Let w(b) be the first derivative of b**4/24 - b**3/3 - 3*b**2/2 + 3. Let i(f) be the second derivative of w(f). Determine i(d).
0
Let z(c) = 2 - 3*c**2 - 4*c**2 + 6*c + 8*c**2. Determine z(-6).
2
Let t(x) be the second derivative of 1/12*x**4 - 2*x**2 + 1/6*x**3 - 5*x + 0. Give t(-4).
8
Let q(h) = -h**3 + h**2 - 1. Let y(s) = 5*s**3 - 8*s**2 - s + 4. Let b(a) = -6*q(a) - y(a). Suppose -8*i = 11 + 5. Give b(i).
0
Let y(k) = -2 + 7*k + 3 - 3*k - 7*k. Let q = 4 - 2. Calculate y(q).
-5
Let a(d) = -d - 1. Let p be 21*((-10)/3 + 3). What is a(p)?
6
Let j(g) be the third derivative of -g**8/6720 - g**7/504 + g**6/720 + g**5/60 + g**4/12 + g**2. Let b(w) be the second derivative of j(w). Calculate b(-5).
-3
Let s(n) = -n**2 - 9*n + 2. Let v = 56 - 65. Calculate s(v).
2
Suppose 3*d - 7*d + 12 = 0. Suppose -3*r = 5*b + 1, 7 = -d*b - 5*r - 0*r. Let v(l) = 4*l - 1. Determine v(b).
3
Let u(b) = -b**3 + 4*b**2 - 3*b + 5. Let s be (-3 - -3)/(0 + 2). Let v = 4 + s. Determine u(v).
-7
Suppose -3*z + 4*z = 3, -z = 4*y + 25. Let j(a) = -a**3 - 6*a**2 + 8*a + 1. Determine j(y).
-6
Suppose 0 = 2*t - 3*t. Let n(u) = -u**2 - u + 7. Determine n(t).
7
Let j(y) be the second derivative of y**4/12 + y**3/2 - 2*y**2 - y. Suppose 50 = -5*h + 4*b + b, -b + 30 = -5*h. Calculate j(h).
6
Let k = 2 - 1. Let x(w) be the second derivative of -8*w - 1/12*w**4 - 3/10*w**5 + 1/3*w**3 - 1/2*w**2 + 0. What is x(k)?
-6
Let k = 0 - -7. Let x(j) = -j**2 + 8*j - 8. Give x(k).
-1
Let x(r) be the third derivative of -r**5/60 + r**4/12 + r**3/3 - 8*r**2. Let s = 15 - 0. Suppose s = -h + 6*h. Determine x(h).
-1
Let s(p) = p - 4 + 0*p - 9 + 19. Calculate s(-6).
0
Let v(t) = -t + 13. Let u be 0/(2*(-3 + 2)). Give v(u).
13
Suppose -3*p = j - 4*j - 33, 0 = 2*p - 3*j - 27. Let i(u) be the second derivative of u**3/3 - 3*u**2 + u + 13. What is i(p)?
6
Let j = -6 + 3. Let z be (7/j)/(4/12). Let q(k) = k + 5. What is q(z)?
-2
Suppose -18 = -3*y - 2*v, 0 = -5*v + 12 + 3. Suppose -5*s + 5 = -3*j + 5*j, 3*s = -y*j + 3. Let l(c) = c**2 + c - 11. Give l(j).
-11
Let l(k) = -k**2 + 4*k + 4. Let f(o) = -o - 1. Let h(z) = 3*f(z) + l(z). Let c(a) = -5*a*